reatest common factor of 432 and 2862?
54
What is the greatest common factor of 90 and 210?
30
Calculate the highest common factor of 1320 and 14388.
132
Calculate the greatest common divisor of 15795 and 390.
195
Calculate the highest common factor of 945 and 75.
15
What is the greatest common divisor of 230 and 69?
23
Calculate the greatest common divisor of 9 and 237.
3
Calculate the highest common divisor of 161 and 35.
7
What is the highest common divisor of 339 and 3?
3
Calculate the greatest common factor of 336 and 322.
14
What is the greatest common factor of 323 and 304?
19
Calculate the greatest common divisor of 25 and 4.
1
Calculate the greatest common divisor of 6 and 5.
1
What is the highest common divisor of 78 and 169?
13
What is the greatest common factor of 63 and 237?
3
What is the greatest common factor of 8 and 94?
2
What is the highest common divisor of 664 and 83?
83
Calculate the greatest common divisor of 637 and 4368.
91
What is the highest common factor of 943 and 23?
23
Calculate the greatest common divisor of 5 and 115.
5
Calculate the greatest common factor of 154 and 70.
14
What is the greatest common divisor of 455 and 4277?
91
Calculate the greatest common divisor of 1374 and 1145.
229
What is the greatest common factor of 924 and 99?
33
What is the highest common divisor of 87 and 754?
29
What is the greatest common divisor of 371 and 848?
53
Calculate the greatest common divisor of 1748 and 368.
92
Calculate the greatest common divisor of 912 and 57.
57
Calculate the greatest common divisor of 506 and 3634.
46
Calculate the greatest common divisor of 11 and 1837.
11
Calculate the highest common factor of 94 and 15322.
94
What is the highest common factor of 27 and 999?
27
Calculate the highest common divisor of 22 and 682.
22
Calculate the highest common divisor of 264 and 231.
33
Calculate the greatest common factor of 8059 and 1.
1
Calculate the greatest common factor of 32 and 1984.
32
What is the highest common factor of 7303 and 218?
109
What is the greatest common factor of 35 and 3955?
35
Calculate the highest common factor of 174 and 145.
29
What is the highest common divisor of 9 and 1143?
9
What is the greatest common divisor of 1078 and 88?
22
Calculate the greatest common factor of 7 and 1253.
7
What is the highest common factor of 2340 and 720?
180
What is the highest common divisor of 426 and 450?
6
What is the highest common divisor of 2030 and 350?
70
Calculate the highest common divisor of 420 and 5670.
210
Calculate the highest common factor of 960 and 360.
120
Calculate the greatest common factor of 2170 and 70.
70
What is the highest common factor of 64 and 32?
32
Calculate the highest common divisor of 209 and 95.
19
What is the greatest common factor of 10 and 120?
10
What is the highest common factor of 228 and 408?
12
Calculate the greatest common factor of 1875 and 75.
75
What is the greatest common divisor of 168 and 1432?
8
Calculate the highest common divisor of 10 and 1790.
10
What is the highest common divisor of 112 and 144?
16
What is the highest common factor of 10 and 890?
10
Calculate the greatest common divisor of 15616 and 128.
128
What is the greatest common divisor of 106 and 6095?
53
Calculate the greatest common factor of 17 and 221.
17
Calculate the highest common divisor of 320 and 224.
32
Calculate the greatest common divisor of 4324 and 92.
92
Calculate the greatest common factor of 112 and 288.
16
Calculate the greatest common divisor of 133 and 28.
7
Calculate the highest common factor of 1404 and 108.
108
Calculate the highest common divisor of 150 and 400.
50
Calculate the highest common factor of 51 and 69.
3
What is the greatest common divisor of 8 and 2920?
8
Calculate the highest common factor of 32 and 2440.
8
What is the highest common divisor of 35482 and 314?
314
What is the highest common divisor of 31440 and 6?
6
Calculate the greatest common factor of 4040 and 160.
40
What is the greatest common divisor of 5494 and 2144?
134
Calculate the greatest common divisor of 1032 and 72.
24
What is the highest common divisor of 33 and 84?
3
Calculate the greatest common divisor of 1625 and 104.
13
What is the greatest common divisor of 5005 and 7280?
455
Calculate the highest common divisor of 1003 and 59.
59
Calculate the highest common divisor of 3284 and 20.
4
What is the greatest common divisor of 192 and 832?
64
What is the highest common divisor of 1119 and 16039?
373
Calculate the highest common factor of 110 and 230.
10
Calculate the greatest common divisor of 4 and 52.
4
Calculate the highest common factor of 10 and 40.
10
Calculate the greatest common factor of 95 and 160.
5
Calculate the highest common factor of 493 and 34.
17
Calculate the highest common divisor of 19667 and 71.
71
Calculate the greatest common divisor of 28 and 2044.
28
What is the highest common factor of 6 and 2118?
6
Calculate the greatest common divisor of 775 and 31.
31
What is the greatest common divisor of 10 and 1990?
10
What is the highest common divisor of 65143 and 13?
13
Calculate the highest common divisor of 1846 and 5822.
142
Calculate the highest common factor of 18 and 7380.
18
Calculate the highest common divisor of 14382 and 612.
306
Calculate the greatest common divisor of 5949 and 117.
9
Calculate the greatest common divisor of 51 and 26027.
17
Calculate the highest common factor of 1150 and 750.
50
What is the greatest common divisor of 95 and 18050?
95
What is the greatest common divisor of 56011 and 79?
79
What is the highest common divisor of 76 and 3952?
76
Calculate the highest common factor of 18366 and 6.
6
Calculate the greatest common factor of 1521 and 18.
9
Calculate the greatest common factor of 791 and 28.
7
Calculate the greatest common divisor of 10 and 2410.
10
What is the greatest common divisor of 57 and 1938?
57
Calculate the highest common divisor of 70 and 3470.
10
Calculate the highest common divisor of 48 and 27.
3
What is the highest common factor of 17 and 289?
17
What is the greatest common divisor of 927 and 9?
9
Calculate the highest common factor of 348 and 24.
12
What is the highest common divisor of 2869 and 19?
19
What is the highest common factor of 34808 and 304?
152
What is the greatest common factor of 28 and 84?
28
What is the highest common divisor of 5429 and 356?
89
What is the highest common factor of 64 and 1752?
8
Calculate the greatest common divisor of 1258 and 74.
74
What is the highest common factor of 8 and 248?
8
What is the highest common divisor of 504 and 6216?
168
What is the highest common factor of 28 and 8876?
28
What is the greatest common factor of 2414 and 1136?
142
Calculate the greatest common divisor of 510 and 4930.
170
Calculate the highest common factor of 10 and 535.
5
Calculate the greatest common factor of 137 and 2192.
137
Calculate the highest common divisor of 11796 and 12.
12
Calculate the greatest common divisor of 106 and 106.
106
What is the highest common divisor of 44 and 2156?
44
Calculate the highest common divisor of 425 and 34.
17
Calculate the greatest common divisor of 840 and 180.
60
What is the greatest common divisor of 56 and 472?
8
Calculate the greatest common divisor of 125 and 275.
25
Calculate the greatest common factor of 352 and 22.
22
Calculate the highest common divisor of 4 and 50.
2
What is the greatest common divisor of 672 and 40?
8
What is the greatest common divisor of 2796 and 516?
12
What is the highest common factor of 1980 and 72?
36
Calculate the greatest common factor of 1215 and 5.
5
What is the highest common divisor of 225 and 1075?
25
What is the greatest common divisor of 736 and 16468?
92
What is the greatest common divisor of 98 and 2072?
14
Calculate the highest common divisor of 1844 and 4.
4
Calculate the highest common factor of 18 and 14.
2
What is the greatest common divisor of 1482 and 19?
19
Calculate the highest common divisor of 6061 and 247.
19
Calculate the greatest common divisor of 11834 and 194.
194
What is the highest common factor of 1042 and 4?
2
Calculate the greatest common factor of 26 and 2.
2
What is the greatest common factor of 192 and 3?
3
Calculate the greatest common divisor of 1656 and 3933.
207
Calculate the hi